 of 50142.
2, 3, 61, 137
List the prime factors of 16581.
3, 5527
List the prime factors of 956.
2, 239
List the prime factors of 4529.
7, 647
List the prime factors of 1910.
2, 5, 191
What are the prime factors of 1445?
5, 17
List the prime factors of 12410.
2, 5, 17, 73
What are the prime factors of 1929?
3, 643
List the prime factors of 743.
743
List the prime factors of 3185.
5, 7, 13
List the prime factors of 11660.
2, 5, 11, 53
List the prime factors of 611.
13, 47
What are the prime factors of 5427?
3, 67
List the prime factors of 19306.
2, 7, 197
What are the prime factors of 664?
2, 83
What are the prime factors of 4034?
2, 2017
What are the prime factors of 25338?
2, 3, 41, 103
What are the prime factors of 173635?
5, 7, 11, 41
List the prime factors of 2198.
2, 7, 157
List the prime factors of 37320.
2, 3, 5, 311
List the prime factors of 8231.
8231
What are the prime factors of 3237?
3, 13, 83
What are the prime factors of 79423?
79423
What are the prime factors of 106509?
3, 13, 2731
What are the prime factors of 1371?
3, 457
List the prime factors of 1049.
1049
What are the prime factors of 57652?
2, 7, 29, 71
What are the prime factors of 1886?
2, 23, 41
What are the prime factors of 3859?
17, 227
What are the prime factors of 1750?
2, 5, 7
What are the prime factors of 25930?
2, 5, 2593
List the prime factors of 1669.
1669
List the prime factors of 1559.
1559
What are the prime factors of 1648?
2, 103
List the prime factors of 2410.
2, 5, 241
What are the prime factors of 8832?
2, 3, 23
List the prime factors of 5234.
2, 2617
What are the prime factors of 2466?
2, 3, 137
List the prime factors of 1097.
1097
What are the prime factors of 3280?
2, 5, 41
What are the prime factors of 68327?
7, 43, 227
List the prime factors of 4487.
7, 641
List the prime factors of 12635.
5, 7, 19
What are the prime factors of 3973?
29, 137
List the prime factors of 28022.
2, 14011
List the prime factors of 9307.
41, 227
What are the prime factors of 1327?
1327
List the prime factors of 97998.
2, 3, 16333
What are the prime factors of 21603?
3, 19, 379
List the prime factors of 13047.
3, 4349
List the prime factors of 37248.
2, 3, 97
What are the prime factors of 15514?
2, 7757
List the prime factors of 9954.
2, 3, 7, 79
List the prime factors of 4492.
2, 1123
List the prime factors of 15310.
2, 5, 1531
What are the prime factors of 37785?
3, 5, 11, 229
List the prime factors of 3061.
3061
What are the prime factors of 1276?
2, 11, 29
What are the prime factors of 1150?
2, 5, 23
What are the prime factors of 46586?
2, 23293
What are the prime factors of 56686?
2, 7, 4049
What are the prime factors of 439?
439
What are the prime factors of 23171?
17, 29, 47
List the prime factors of 14027.
13, 83
List the prime factors of 63873.
3, 47, 151
List the prime factors of 484.
2, 11
List the prime factors of 32431.
7, 41, 113
List the prime factors of 19173.
3, 7, 11, 83
What are the prime factors of 64038?
2, 3, 13, 821
List the prime factors of 3754.
2, 1877
What are the prime factors of 28316?
2, 7079
List the prime factors of 14823.
3, 61
What are the prime factors of 1010?
2, 5, 101
List the prime factors of 4251.
3, 13, 109
List the prime factors of 22554.
2, 3, 7, 179
What are the prime factors of 37430?
2, 5, 19, 197
What are the prime factors of 496?
2, 31
List the prime factors of 7111.
13, 547
What are the prime factors of 16969?
71, 239
List the prime factors of 2167.
11, 197
List the prime factors of 89410.
2, 5, 8941
List the prime factors of 1025.
5, 41
What are the prime factors of 1174?
2, 587
What are the prime factors of 24493?
7, 3499
List the prime factors of 1668.
2, 3, 139
List the prime factors of 22765.
5, 29, 157
List the prime factors of 418.
2, 11, 19
What are the prime factors of 553?
7, 79
What are the prime factors of 500?
2, 5
List the prime factors of 41938.
2, 13, 1613
List the prime factors of 2020.
2, 5, 101
List the prime factors of 6756.
2, 3, 563
List the prime factors of 13.
13
List the prime factors of 1748.
2, 19, 23
List the prime factors of 625.
5
What are the prime factors of 12140?
2, 5, 607
List the prime factors of 1103.
1103
What are the prime factors of 100894?
2, 61, 827
List the prime factors of 362.
2, 181
What are the prime factors of 11723?
19, 617
What are the prime factors of 6985?
5, 11, 127
List the prime factors of 21393.
3, 2377
List the prime factors of 3375.
3, 5
List the prime factors of 93.
3, 31
List the prime factors of 4196.
2, 1049
List the prime factors of 58502.
2, 29251
List the prime factors of 64527.
3, 137, 157
What are the prime factors of 569?
569
List the prime factors of 14362.
2, 43, 167
What are the prime factors of 4118?
2, 29, 71
List the prime factors of 13490.
2, 5, 19, 71
What are the prime factors of 53001?
3, 13, 151
List the prime factors of 47060.
2, 5, 13, 181
List the prime factors of 1316.
2, 7, 47
What are the prime factors of 15759?
3, 17, 103
List the prime factors of 2052.
2, 3, 19
List the prime factors of 40276.
2, 10069
What are the prime factors of 2?
2
What are the prime factors of 5007?
3, 1669
What are the prime factors of 24396?
2, 3, 19, 107
What are the prime factors of 245?
5, 7
What are the prime factors of 40158?
2, 3, 23, 97
What are the prime factors of 190?
2, 5, 19
What are the prime factors of 30823?
13, 2371
List the prime factors of 69237.
3, 7, 157
What are the prime factors of 14207?
14207
List the prime factors of 19778.
2, 11, 29, 31
What are the prime factors of 1239?
3, 7, 59
List the prime factors of 1984.
2, 31
What are the prime factors of 260?
2, 5, 13
List the prime factors of 125106.
2, 3, 29, 719
What are the prime factors of 19158?
2, 3, 31, 103
List the prime factors of 802.
2, 401
What are the prime factors of 53368?
2, 7, 953
List the prime factors of 4900.
2, 5, 7
What are the prime factors of 53066?
2, 13, 157
What are the prime factors of 34600?
2, 5, 173
List the prime factors of 766.
2, 383
List the prime factors of 1942.
2, 971
List the prime factors of 17312.
2, 541
List the prime factors of 462.
2, 3, 7, 11
What are the prime factors of 48534?
2, 3, 8089
List the prime factors of 101.
101
What are the prime factors of 793?
13, 61
List the prime factors of 3824.
2, 239
What are the prime factors of 284?
2, 71
List the prime factors of 2576.
2, 7, 23
List the prime factors of 6981.
3, 13, 179
What are the prime factors of 86037?
3, 7, 17, 241
List the prime factors of 252.
2, 3, 7
List the prime factors of 37647.
3, 47, 89
What are the prime factors of 1125?
3, 5
What are the prime factors of 1179?
3, 131
List the prime factors of 4063.
17, 239
List the prime factors of 3024.
2, 3, 7
What are the prime factors of 920?
2, 5, 23
What are the prime factors of 1880?
2, 5, 47
List the prime factors of 65.
5, 13
List the prime factors of 131.
131
List the prime factors of 143257.
143257
List the prime factors of 5964.
2, 3, 7, 71
List the prime factors of 1726.
2, 863
What are the prime factors of 26541?
3, 983
List the prime factors of 57627.
3, 19, 337
List the prime factors of 1113.
3, 7, 53
List the prime factors of 7326.
2, 3, 11, 37
List the prime factors of 76296.
2, 3, 11, 17
List the prime factors of 757.
757
List the prime factors of 52441.
229
What are the prime factors of 1524?
2, 3, 127
List the prime factors of 59426.
2, 43, 691
What are the prime factors of 6233?
23, 271
List the prime factors of 93.
3, 31
List the prime factors of 1848.
2, 3, 7, 11
List the prime factors of 106484.
2, 7, 3803
What are the prime factors of 38690?
2, 5, 53, 73
What are the prime factors of 20073?
3, 6691
What are the prime factors of 19202?
2, 9601
What are the prime factors of 808?
2, 101
What are the prime factors of 993?
3, 331
List the prime factors of 6053.
6053
List the prime factors of 1724.
2, 431
What are the prime factors of 370?
2, 5, 37
What are the prime factors of 1391?
13, 107
List the prime factors of 4932.
2, 3, 137
List the prime factors of 1927.
41, 47
What are the prime factors of 91897?
13, 7069
What are the prime factors of 33?
3, 11
What are the prime factors of 26041?
26041
What are the prime factors of 18260?
2, 5, 11, 83
List the prime factors of 30922.
2, 15461
List the prime factors of 1595.
5,